3 - 32*g**2 - 35*g - 141. Give u(-31).
-17
Let q(k) = k**3 - 13*k**2 + 8*k - 74. Give q(12).
-122
Let d(h) = -39*h - 401. Determine d(-12).
67
Let c(s) = -s**2 + 311*s + 7542. Determine c(-23).
-140
Let i(z) = z**2 - 112*z + 1467. Give i(15).
12
Let x(t) = t**2 - 178*t + 1842. Give x(11).
5
Let l(m) = -m**3 + 29*m**2 - 96*m + 50. What is l(26)?
-418
Let w(b) = b**3 - 3*b**2 - 12*b - 12. Calculate w(-2).
-8
Let o(c) = 2*c**3 + 19*c**2 - 107*c - 3. Calculate o(4).
1
Let o(j) = 2*j**2 + 5*j - 1581. Calculate o(-29).
-44
Let h(c) = c**3 - 24*c**2 - 47*c - 125. Give h(26).
5
Let a(b) = 1416*b - 60884. Calculate a(43).
4
Let p(s) = s**2 + s - 106. Determine p(-12).
26
Let h(y) = -375*y + 5621. What is h(15)?
-4
Let k(t) = 77*t - 712. Calculate k(8).
-96
Let i(r) = 23*r**2 + 93*r - 17. What is i(-4)?
-21
Let o(b) = -25*b + 730. Give o(30).
-20
Let p(l) = l**3 - 20*l**2 - 22*l + 91. Calculate p(21).
70
Let r(m) = m**3 - 10*m**2 - 50*m + 18. Determine r(-5).
-107
Let t(q) = 16*q - 1333. Calculate t(84).
11
Let h(m) = 3*m**3 + 862*m**2 - 563*m + 3711. Calculate h(-288).
-33
Let b(z) = z**3 - 7*z**2 + 8*z - 5. Give b(5).
-15
Let z(v) = -580*v + 1742. What is z(3)?
2
Let s(l) = 4*l**2 + 222*l + 1811. What is s(-10)?
-9
Let s(r) = -8*r**3 - r**2 - 140*r + 282. Calculate s(2).
-66
Let p(g) = -g**2 + 329*g + 174097. Determine p(-284).
5
Let o(p) = -2*p**3 - 12*p**2 - 19*p - 38. Determine o(-7).
193
Let z(d) = -1430*d + 419. Determine z(0).
419
Let f(o) = -4270*o - 209232. Determine f(-49).
-2
Let f(p) = 31*p**3 - p**2 - 31*p + 32. Calculate f(1).
31
Let k(h) = -53*h + 136. Calculate k(2).
30
Let g(l) = -11*l**3 + 6*l**2 + 3*l - 4. Calculate g(1).
-6
Let h(t) = -5*t**3 - t**2 + 8*t + 5. Determine h(2).
-23
Let w(u) = -u**3 + 4*u**2 + 24*u - 52. What is w(2)?
4
Let x(b) = -4*b**3 - 10*b**2 - 266*b - 521. What is x(-2)?
3
Let m(o) = o**3 + 6*o**2 - 24*o - 4. Determine m(-7).
115
Let c(w) = -24*w + 238. Determine c(11).
-26
Let n(w) = -11*w**2 - 3*w - 8. Determine n(4).
-196
Let f(i) = -59*i - 109. Determine f(-4).
127
Let m(r) = 39*r**2 - 214*r + 4. Determine m(6).
124
Let k(w) = -w**2 + 24*w - 37. What is k(8)?
91
Let y(n) = 4*n**3 - 9*n**2 + 71*n - 330. What is y(4)?
66
Let p(b) = 5*b**2 + 71*b + 63. Calculate p(-13).
-15
Let q(h) = h**3 - 8*h**2 - 8*h - 91. Determine q(9).
-82
Let s(u) = -19*u**2 + 323*u - 315. Calculate s(16).
-11
Let m(s) = 247*s + 11114. Calculate m(-45).
-1
Let r(a) = 6*a**2 - 14*a - 18. What is r(-6)?
282
Let g(t) = 178*t - 39158. What is g(220)?
2
Let o(t) = -5*t**3 - 7*t**2 - 68*t - 203. Calculate o(-3).
73
Let a(x) = -x**3 + 5*x**2 + 175*x - 370. Give a(15).
5
Let y(a) = -a**3 - 164*a**2 - 320*a + 657. Calculate y(-162).
9
Let b(g) = g**3 - 22*g**2 + 38*g + 37. Determine b(20).
-3
Let s(c) = c**2 - 170*c - 7178. Calculate s(-35).
-3
Let b(z) = 54*z - 214. What is b(4)?
2
Let i(m) = -2*m**2 - 243*m - 3750. Give i(-18).
-24
Let p(n) = -n**3 + 73*n**2 - 154*n + 901. Calculate p(71).
49
Let k(n) = n**2 - 86*n - 955. What is k(-11)?
112
Let g(a) = -23*a**2 - a + 6. Give g(3).
-204
Let k(q) = q**2 - 6*q - 1523. Determine k(39).
-236
Let o(y) = -3*y**3 + 10*y**2 + 10*y - 62. Calculate o(4).
-54
Let m(y) = 28*y + 1346. Give m(-47).
30
Let d(m) = 18*m + 302. What is d(-15)?
32
Let q(l) = -l**2 - 6*l + 27. Calculate q(-20).
-253
Let i(w) = w**3 - 56*w**2 - 174*w - 75. What is i(59)?
102
Let z(x) = 2*x**2 - 49*x + 144. What is z(22)?
34
Let m(n) = n**3 - 15*n + 1. Give m(0).
1
Let z(q) = q**3 + 13*q**2 + 29*q - 29. Give z(-5).
26
Let t(v) = v**3 - 13*v**2 - 42*v + 1. Give t(16).
97
Let p(u) = 2196*u + 6571. Give p(-3).
-17
Let j(p) = p**3 + 22*p**2 + 63*p + 110. Calculate j(-19).
-4
Let i(v) = -65*v - 392. Calculate i(-5).
-67
Let v(j) = 2*j**3 + 6*j**2 + 4*j - 7. What is v(-3)?
-19
Let s(z) = 40*z + 213. Give s(-6).
-27
Let f(l) = -277*l - 1654. Calculate f(-6).
8
Let s(m) = -12*m**3 - 3*m**2 + 23*m + 52. Calculate s(-2).
90
Let w(v) = -v**2 - 54*v - 473. Give w(-43).
0
Let r(f) = f**3 - 46*f**2 + 43*f + 149. Calculate r(45).
59
Let z(u) = u**3 - 15*u**2 + 6*u + 315. Give z(12).
-45
Let a(n) = -27*n**2 - 91*n + 89. Give a(1).
-29
Let f(g) = g**2 + 20*g - 41. What is f(2)?
3
Let d(h) = 35*h + 779. What is d(-22)?
9
Let o(b) = b**2 - 10*b + 80. Calculate o(9).
71
Let w(p) = -1559*p + 7803. Calculate w(5).
8
Let l(b) = b**2 + 108*b + 724. Give l(-7).
17
Let s(q) = q**2 + 977*q - 14873. Determine s(15).
7
Let k(q) = -2*q**3 + 111*q**2 - 49*q + 232. Determine k(55).
562
Let x(q) = q**3 - 8*q**2 - 10*q + 94. Give x(10).
194
Let i(q) = -q**3 - 3*q**2 + 66*q - 120. Calculate i(2).
-8
Let m(j) = -49*j - 353. Give m(-8).
39
Let m(p) = -3*p**2 - 174*p - 1552. Calculate m(-11).
-1
Let v(w) = 11*w**3 + 2*w**2 + w + 1. Give v(-1).
-9
Let x(s) = 687*s - 41216. Give x(60).
4
Let v(t) = 132*t - 166. Calculate v(4).
362
Let f(g) = 9*g**2 - 56*g + 44. Calculate f(6).
32
Let h(t) = -4*t**2 + 375*t + 79. Determine h(94).
-15
Let r(m) = -511*m + 15323. Determine r(30).
-7
Let u(o) = -o**3 + 5*o**2 + 23*o - 9. What is u(-3)?
-6
Let w(u) = -26*u + 843. What is w(32)?
11
Let i(w) = -2*w**2 + 30*w + 39. Determine i(0).
39
Let s(k) = -5*k**2 + k - 12. Determine s(-5).
-142
Let j(s) = 55*s - 59. Determine j(0).
-59
Let y(l) = -3*l**3 - 23*l**2 - 3*l - 48. Calculate y(-7).
-125
Let z(u) = 1366*u - 12307. Determine z(9).
-13
Let m(x) = x**2 + 102*x + 2034. Give m(-75).
9
Let z(b) = 185*b + 1553. Give z(-8).
73
Let k(q) = q - 128. Determine k(-33).
-161
Let f(p) = -3*p**3 + 8*p**2 + 4*p - 10. Determine f(-5).
545
Let g(d) = 88*d - 42. Give g(4).
310
Let f(s) = -243*s**2 + 4376*s - 58. Give f(18).
-22
Let m(j) = -j**2 - 16*j + 4289. Determine m(58).
-3
Let a(r) = r**2 - 49*r + 584. What is a(28)?
-4
Let q(b) = -269*b - 7814. Give q(-29).
-13
Let r(t) = 124*t - 10672. Give r(86).
-8
Let i(q) = 604*q - 6640. Calculate i(11).
4
Let g(n) = 12851*n - 38550. Determine g(3).
3
Let z(m) = 168*m**2 - 23*m - 20. What is z(-1)?
171
Let g(x) = -x**2 + 139*x - 2400. Give g(119).
-20
Let h(k) = 22*k + 156. Give h(-9).
-42
Let y(j) = 295*j + 2931. Give y(-10).
-19
Let k(r) = -6*r + 151. Determine k(31).
-35
Let z(w) = w**2 - 44*w - 134. Give z(45).
-89
Let q(r) = 1256*r - 35203. Calculate q(28).
-35
Let a(y) = y**3 + 32*y**2 - 35*y + 61. Give a(-33).
127
Let x(o) = -31*o - 160. Give x(-22).
522
Let k(p) = 2*p**2 - 15*p - 52. Calculate k(11).
25
Let g(b) = b**3 + b**2 - 20*b + 50. Give g(-6).
-10
Let v(q) = -2*q**3 + 2*q**2 - 5*q + 10. Calculate v(0).
10
Let m(b) = 2*b**3 - 27*b**2 - 18*b + 30. Give m(14).
-26
Let w(l) = -20*l + 1619. Calculate w(83).
-41
Let c(q) = q**3 - 16*q**2 - 224*q + 17. What is c(-9)?
8
Let g(u) = -35*u - 12. Calculate g(-13).
443
Let l(i) = -i**2 + 116*i + 1679. Give l(129).
2
Let y(k) = -214*k**3 + k**2 - 2*k + 2. What is y(1)?
-213
Let h(y) = 3*y**2 + 40*y + 24. Give h(-11).
-53
Let v(y) = 741*y + 3050. What is v(-4)?
86
Let h(z) = 7*z**2 - 114*z - 21. Give h(17).
64
Let w(l) = -356*l - 2132. What is w(-6)?
4
Let b(n) = -n**2 + 16*n + 1. Give b(22).
-131
Let y(b) = -33036*b + 132145. What is y(4)?
1
Let o(i) = i**3 + 47*i**2 + 171*i - 63. Give o(-43).
-20
Let a(o) = 12967*o - 64811. Determine a(5).
24
Let y(a) = -54*a + 1714. Give y(32).
-14
Let s(x) = x**2 - 72*x + 504. Give s(63).
-63
Let t(v) = -48*v - 234. What is t(-5)?
6
Let d(i) = i**3 - 3*i**2 + 1927*i + 7. What is d(0)?
7
Let a(g) = 141*g - 2288. Calculate a(19).
391
Let c(f) = 248*f + 31747. Calculate c(-128).
3
Let l(p) = -p**3 - 8*p**2 - 16*p - 30. Determine l(-6).
-6
Let c(x) = 3*x**3 + 12*x**2 - 14*x - 32. Give c(-6).
-164
Let t(n) = 3*n**3 + 6*n**2 + 7*n + 8. Determine t(-2).
-6
Let y(o) = -o**3 + 23*o**2 - 102*o - 167. What is y(16)?
-7
Let f(w) = -3*w**2 + 166*w + 298. What is f(57)?
13
Let r(q) = 77*q - 154. Determine r(2).
0
Let v(m) = m**3 - 23*m**2 + 103*m - 56. What is v(5)?
9
Let o(j) = -225*j + 1494. Determine o(7).
-81
Let o(w) = 33*w + 1893. What is o(-51)?
210
Let l(m) = m**3 - 13*m**2 + 3*m + 1. What is l(14)?
239
Let b(m) = m**3 - 17*m**2 + 21*m - 78. Determine b(16).
2
Let r(p) = 939*p**2 + 14084*p - 28. Give r(-15).
-13
Let m(c) = 7*c - 237. Determine m(16).
-125
Let i(q) = -2*q**3 - 3*q**2 + 14*q + 60. What is i(-4)?
84
Let l(k) = -3*k**2 - 319*k - 634. What is l(-2)?
-8
Let r